{"id":219,"date":"2020-05-12T03:43:04","date_gmt":"2020-05-12T03:43:04","guid":{"rendered":"http:\/\/deodesign.com.br\/?page_id=219"},"modified":"2022-02-15T02:59:23","modified_gmt":"2022-02-15T02:59:23","slug":"services","status":"publish","type":"page","link":"https:\/\/deodesign.com.br\/?page_id=219","title":{"rendered":"Servi\u00e7os"},"content":{"rendered":"\n<div class=\"wp-block-cover alignfull is-light has-parallax\" style=\"background-image:url(http:\/\/deodesign.com.br\/wp-content\/uploads\/2022\/01\/apartamento-riviera_08.png);min-height:380px;aspect-ratio:unset;\"><span aria-hidden=\"true\" class=\"has-ast-global-color-1-background-color wp-block-cover__gradient-background has-background-dim\"><\/span><div class=\"wp-block-cover__inner-container is-layout-flow wp-block-cover-is-layout-flow\">\n<h1 class=\"has-text-align-center has-white-color has-text-color wp-block-heading\" id=\"nossos-servicos\">NOSSOS SERVI\u00c7OS<\/h1>\n\n\n\n<p><\/p>\n<\/div><\/div>\n\n\n\n<div style=\"height:100px\" aria-hidden=\"true\" class=\"wp-block-spacer\"><\/div>\n\n\n\n<div class=\"wp-block-group alignfull has-ast-global-color-5-background-color has-background\"><div class=\"wp-block-group__inner-container is-layout-flow wp-block-group-is-layout-flow\">\n<div class=\"wp-block-media-text alignwide has-media-on-the-right is-stacked-on-mobile\"><figure class=\"wp-block-media-text__media\"><img loading=\"lazy\" decoding=\"async\" width=\"1024\" height=\"667\" src=\"http:\/\/deodesign.com.br\/wp-content\/uploads\/2022\/01\/apartamento-melo-alves_sala_01-1024x667.png\" alt=\"\" class=\"wp-image-617 size-full\" srcset=\"https:\/\/deodesign.com.br\/wp-content\/uploads\/2022\/01\/apartamento-melo-alves_sala_01-1024x667.png 1024w, https:\/\/deodesign.com.br\/wp-content\/uploads\/2022\/01\/apartamento-melo-alves_sala_01-300x196.png 300w, https:\/\/deodesign.com.br\/wp-content\/uploads\/2022\/01\/apartamento-melo-alves_sala_01-768x501.png 768w, https:\/\/deodesign.com.br\/wp-content\/uploads\/2022\/01\/apartamento-melo-alves_sala_01-1536x1001.png 1536w, https:\/\/deodesign.com.br\/wp-content\/uploads\/2022\/01\/apartamento-melo-alves_sala_01-2048x1335.png 2048w\" sizes=\"auto, (max-width: 1024px) 100vw, 1024px\" \/><\/figure><div class=\"wp-block-media-text__content\">\n<h2 class=\"wp-block-heading\" id=\"interiores\">Interiores<\/h2>\n\n\n\n<p>Conte com a gente, para consultorias, concep\u00e7\u00e3o de projetos, acompanhamento e gerenciamento de obras. Para casas, apartamentos e ambientes.<\/p>\n\n\n\n<div class=\"wp-block-buttons is-layout-flex wp-block-buttons-is-layout-flex\">\n<div class=\"wp-block-button is-style-fill\"><a class=\"wp-block-button__link has-black-color has-text-color\" href=\"https:\/\/deodesign.com.br\/?page_id=220\">SOLICITAR OR\u00c7AMENTO<\/a><\/div>\n<\/div>\n<\/div><\/div>\n<\/div><\/div>\n\n\n\n<div class=\"wp-block-group alignfull has-ast-global-color-5-background-color has-background\"><div class=\"wp-block-group__inner-container is-layout-flow wp-block-group-is-layout-flow\">\n<div class=\"wp-block-media-text alignwide is-stacked-on-mobile\"><figure class=\"wp-block-media-text__media\"><img loading=\"lazy\" decoding=\"async\" width=\"1024\" height=\"669\" src=\"http:\/\/deodesign.com.br\/wp-content\/uploads\/2022\/01\/pink-office_14-1024x669.png\" alt=\"\" class=\"wp-image-792 size-full\" srcset=\"https:\/\/deodesign.com.br\/wp-content\/uploads\/2022\/01\/pink-office_14-1024x669.png 1024w, https:\/\/deodesign.com.br\/wp-content\/uploads\/2022\/01\/pink-office_14-300x196.png 300w, https:\/\/deodesign.com.br\/wp-content\/uploads\/2022\/01\/pink-office_14-768x502.png 768w, https:\/\/deodesign.com.br\/wp-content\/uploads\/2022\/01\/pink-office_14-1536x1004.png 1536w, https:\/\/deodesign.com.br\/wp-content\/uploads\/2022\/01\/pink-office_14-2048x1338.png 2048w\" sizes=\"auto, (max-width: 1024px) 100vw, 1024px\" \/><\/figure><div class=\"wp-block-media-text__content\">\n<h2 class=\"wp-block-heading\" id=\"comercial\">Comercial<\/h2>\n\n\n\n<p>Para valorizar seu neg\u00f3cio, temos solu\u00e7\u00f5es personalizadas para alavancar sua produtividade ou vendas. De conceitua\u00e7\u00e3o a montagem. Para lojas, escrit\u00f3rios e cl\u00ednicas.<\/p>\n\n\n\n<div class=\"wp-block-buttons is-layout-flex wp-block-buttons-is-layout-flex\">\n<div class=\"wp-block-button\"><a class=\"wp-block-button__link has-black-color has-text-color\" href=\"https:\/\/deodesign.com.br\/?page_id=220\">SOLICITAR OR\u00c7AMENTO<\/a><\/div>\n<\/div>\n<\/div><\/div>\n<\/div><\/div>\n\n\n\n<div class=\"wp-block-group alignfull has-ast-global-color-5-background-color has-background\"><div class=\"wp-block-group__inner-container is-layout-flow wp-block-group-is-layout-flow\">\n<div class=\"wp-block-media-text alignwide has-media-on-the-right is-stacked-on-mobile\"><figure class=\"wp-block-media-text__media\"><img loading=\"lazy\" decoding=\"async\" width=\"1024\" height=\"666\" src=\"http:\/\/deodesign.com.br\/wp-content\/uploads\/2022\/01\/mobi-one-_op01_04-1024x666.png\" alt=\"\" class=\"wp-image-790 size-full\" srcset=\"https:\/\/deodesign.com.br\/wp-content\/uploads\/2022\/01\/mobi-one-_op01_04-1024x666.png 1024w, https:\/\/deodesign.com.br\/wp-content\/uploads\/2022\/01\/mobi-one-_op01_04-300x195.png 300w, https:\/\/deodesign.com.br\/wp-content\/uploads\/2022\/01\/mobi-one-_op01_04-768x500.png 768w, https:\/\/deodesign.com.br\/wp-content\/uploads\/2022\/01\/mobi-one-_op01_04-1536x1000.png 1536w, https:\/\/deodesign.com.br\/wp-content\/uploads\/2022\/01\/mobi-one-_op01_04-2048x1333.png 2048w\" sizes=\"auto, (max-width: 1024px) 100vw, 1024px\" \/><\/figure><div class=\"wp-block-media-text__content\">\n<h2 class=\"wp-block-heading\" id=\"design\">Design<\/h2>\n\n\n\n<p>Pe\u00e7as e conceitos com design assinado ao seu alcance, elaboramos projetos personalizados e desenvolvidos com exclusividade.  Para  festas, eventos e projetos especiais. <\/p>\n\n\n\n<div class=\"wp-block-buttons is-layout-flex wp-block-buttons-is-layout-flex\">\n<div class=\"wp-block-button is-style-fill\"><a class=\"wp-block-button__link has-black-color has-text-color\" href=\"https:\/\/deodesign.com.br\/?page_id=220\">SOLICITAR OR\u00c7AMENTO<\/a><\/div>\n<\/div>\n<\/div><\/div>\n\n\n\n<p><\/p>\n<\/div><\/div>\n\n\n\n<div style=\"height:100px\" aria-hidden=\"true\" class=\"wp-block-spacer\"><\/div>\n\n\n\n<div class=\"wp-block-group alignfull has-ast-global-color-4-background-color has-background\"><div class=\"wp-block-group__inner-container is-layout-flow wp-block-group-is-layout-flow\">\n<p class=\"has-text-align-center has-text-color has-normal-font-size\" style=\"color:#656b6e\"><em>Fale com a gente e conhe\u00e7a nossas solu\u00e7\u00f5es para o seu projeto!<\/em><\/p>\n<\/div><\/div>\n\n\n\n<div class=\"wp-block-jetpack-send-a-message\">\n<div class=\"wp-block-jetpack-whatsapp-button aligncenter is-color-dark\"><a class=\"whatsapp-block__button\" href=\"https:\/\/api.whatsapp.com\/send?phone=5511914151524&amp;text=Ol%C3%A1%2C%20vim%20pelo%20site%20e%20gostaria%20de%20mais%20informa%C3%A7%C3%B5es!\" style=\"background-color:#465B64;color:#fff\" target=\"_blank\" rel=\"noopener noreferrer\">Conversar no WhatsApp<\/a><\/div>\n<\/div>\n\n\n\n<div class=\"wp-block-image is-style-default\"><figure class=\"aligncenter size-full is-resized\"><img loading=\"lazy\" decoding=\"async\" src=\"https:\/\/deodesign.com.br\/wp-content\/uploads\/2022\/01\/DEO-PRETO-SEM-FUNDO-1.png\" alt=\"\" class=\"wp-image-767\" width=\"80\" height=\"51\" srcset=\"https:\/\/deodesign.com.br\/wp-content\/uploads\/2022\/01\/DEO-PRETO-SEM-FUNDO-1.png 764w, https:\/\/deodesign.com.br\/wp-content\/uploads\/2022\/01\/DEO-PRETO-SEM-FUNDO-1-300x192.png 300w\" sizes=\"auto, (max-width: 80px) 100vw, 80px\" \/><\/figure><\/div>\n","protected":false},"excerpt":{"rendered":"<p>Interiores Conte com a gente, para consultorias, concep\u00e7\u00e3o de projetos, acompanhamento e gerenciamento de obras. Para casas, apartamentos e ambientes. Comercial Para valorizar seu neg\u00f3cio, temos solu\u00e7\u00f5es personalizadas para alavancar sua produtividade ou vendas. De conceitua\u00e7\u00e3o a montagem. Para lojas, escrit\u00f3rios e cl\u00ednicas. Design Pe\u00e7as e conceitos com design assinado ao seu alcance, elaboramos projetos<\/p>\n<p class=\"more-link-wrapper\"><a href=\"https:\/\/deodesign.com.br\/?page_id=219\" class=\"more-link\">Continue Reading<span class=\"screen-reader-text\"> &#8220;Servi\u00e7os&#8221;<\/span><\/a><\/p>\n","protected":false},"author":1,"featured_media":0,"parent":0,"menu_order":0,"comment_status":"closed","ping_status":"closed","template":"","meta":{"om_disable_all_campaigns":false,"_monsterinsights_skip_tracking":false,"_monsterinsights_sitenote_active":false,"_monsterinsights_sitenote_note":"","_monsterinsights_sitenote_category":0,"footnotes":""},"class_list":["post-219","page","type-page","status-publish","hentry"],"aioseo_notices":[],"jetpack_sharing_enabled":true,"_links":{"self":[{"href":"https:\/\/deodesign.com.br\/index.php?rest_route=\/wp\/v2\/pages\/219","targetHints":{"allow":["GET"]}}],"collection":[{"href":"https:\/\/deodesign.com.br\/index.php?rest_route=\/wp\/v2\/pages"}],"about":[{"href":"https:\/\/deodesign.com.br\/index.php?rest_route=\/wp\/v2\/types\/page"}],"author":[{"embeddable":true,"href":"https:\/\/deodesign.com.br\/index.php?rest_route=\/wp\/v2\/users\/1"}],"replies":[{"embeddable":true,"href":"https:\/\/deodesign.com.br\/index.php?rest_route=%2Fwp%2Fv2%2Fcomments&post=219"}],"version-history":[{"count":30,"href":"https:\/\/deodesign.com.br\/index.php?rest_route=\/wp\/v2\/pages\/219\/revisions"}],"predecessor-version":[{"id":809,"href":"https:\/\/deodesign.com.br\/index.php?rest_route=\/wp\/v2\/pages\/219\/revisions\/809"}],"wp:attachment":[{"href":"https:\/\/deodesign.com.br\/index.php?rest_route=%2Fwp%2Fv2%2Fmedia&parent=219"}],"curies":[{"name":"wp","href":"https:\/\/api.w.org\/{rel}","templated":true}]}}